 7)) + -7.
-2
Calculate (10 - 9) + (0 - 6) + 4.
-1
Calculate 1 + (3 - 2) + (33 - 40).
-5
Evaluate (-5 + -8 - -14) + 0 + -7.
-6
What is the value of -3 - (-4 + -13) - 7?
7
-2 + -1 + -3 + 9
3
-2 + 0 + (1 - 0) - 3
-4
Calculate -4 + (-6 - -15 - 7) - -1.
-1
Calculate (-4 - -8) + -6 - -5.
3
Calculate (-7 - -2 - -3) + (9 - 3).
4
Evaluate -4 - ((3 - 13 - -1) + 3).
2
Calculate -5 + (-5 - -10) - (-4 + 7).
-3
2 + -8 + 9 + -3
0
What is (-2 - -3) + (-14 - (7 + -17))?
-3
What is the value of -3 - -10 - (5 - 2)?
4
What is the value of 1 - 7 - (-1 + -4)?
-1
What is 5 - (10 - 3) - 0?
-2
What is the value of -4 + -1 + 5 + 3?
3
What is (0 - -1) + 2 + -4?
-1
What is (5 - (4 - 5)) + -11?
-5
Calculate (-2 - (-2 + -2)) + -10.
-8
Evaluate -1 - -4 - (6 + 13 + -11).
-5
0 - (4 - 0) - (9 - 11)
-2
Calculate -6 + (3 - 0) + (0 - 3).
-6
10 - (3 + 1 + -2) - 2
6
Evaluate -1 + (3 - -1) + 1.
4
What is the value of 13 + 3 + -9 + -11?
-4
4 - (2 - (-3 + -5 - -4))
-2
What is the value of 1 + -2 + -4 - -7?
2
Evaluate (4 - 2) + -5 + 2 + -2.
-3
What is the value of (2 - (-7 + 5)) + -5?
-1
What is the value of -4 + -7 + 3 + -1 + 7?
-2
What is (2 - -8) + -3 + -5?
2
What is -3 - (-10 + -1 + 3 - 1)?
6
What is the value of (3 - 12) + 1 + 4?
-4
What is the value of 2 + 10 + -5 + -4?
3
What is the value of -3 + (1 - 3) + 10?
5
-1 + 2 + 2 + (-3 - -3)
3
Evaluate -2 + 2 - -2 - -3.
5
5 + -16 + 3 + (-2 - 0)
-10
-9 - -7 - (-13 - -15)
-4
What is -5 + (10 - 4) + -3 + 0?
-2
What is the value of -5 + 2 + (2 - (-3 - -2))?
0
What is the value of 1 + 8 + -12 + 7?
4
-16 + (11 - -3) - (2 - 1)
-3
Calculate 35 + -36 + 5 + -2 + 5.
7
What is the value of 0 + 0 + -5 + (-4 - -6)?
-3
70 + -55 - (11 - 1)
5
Evaluate (4 - -1 - 8) + 8 + 0.
5
Calculate (4 - -1) + (28 - (1 - -22)).
10
Evaluate (10 - 7) + (-1 - (-1 - -1)).
2
What is the value of (1 - (-1 - -2)) + 0?
0
What is the value of -13 + 7 + (-4 - -3)?
-7
Evaluate -13 + 18 + (1 - 5).
1
3 + -25 + 25 + -6 + 0
-3
What is the value of (10 - 2) + -57 + 51?
2
-3 + 2 - (-8 + -4 + 6)
5
-14 + 11 + -3 + 3
-3
Evaluate -2 + -1 + 1 + (-48 - -57).
7
What is the value of (-4 + 1 - -7) + (-6 - 1)?
-3
Calculate (-7 - -14) + 0 + -4.
3
Evaluate (2 - 5) + 5 - (-40 - -43).
-1
What is -3 - (-3 + (-5 - -4))?
1
0 - ((1 - -3) + -2) - -1
-1
What is the value of -3 - (4 - (4 + 4))?
1
(7 - 1) + (-17 - -2) + 5
-4
Evaluate (-12 - (14 + -29)) + -1 + 0.
2
Evaluate -3 + (-5 - (4 - 4) - -11).
3
(-19 - -13) + -1 + 12
5
9 - 6 - (5 + -4 + -2)
4
What is the value of (42 - 56) + (-2 - -17)?
1
Calculate 8 + -17 - (0 + -2).
-7
What is the value of (2 - 16 - -11) + (8 - 1)?
4
What is the value of 2 + (-7 - -3) - 0?
-2
-4 + (-20 - -16) + 8 + 0
0
Evaluate -10 + 8 - (-1 - (1 + -2)).
-2
What is 2 - (0 - (-1 - -6))?
7
Evaluate -1 + 0 + -3 + -12 + 14.
-2
What is the value of -39 - -40 - (-3 - -1) - 12?
-9
What is -7 + 6 + 0 - (-4 - 0)?
3
What is -4 + (0 - -1) + (0 - -1)?
-2
What is the value of 0 + 2 + -5 - (11 + -12)?
-2
-2 - (2 + 4 - 8)
0
Calculate -8 + 10 - (1 + 2).
-1
Evaluate 0 + 4 - (-2 - -4).
2
What is the value of (3 + -2 + -1 - -4) + -3?
1
0 + -2 - (-4 - (1 + 2))
5
Evaluate -20 + 15 - (-6 - (3 - 0)).
4
Evaluate (8 - (11 + 5)) + 8.
0
What is the value of 4 + -2 + (0 - 3) - 9?
-10
What is -4 - (6 - (-1 + 4))?
-7
Evaluate 5 - (-4 + (12 - -1)).
-4
Evaluate -9 + 5 - (-2 + 0 + 1).
-3
What is the value of -20 + 12 + 9 - (-7 - -2)?
6
What is the value of -4 - -3 - 2 - 0 - -6?
3
What is 5 - 2 - ((6 - 2) + -3)?
2
What is the value of 2 + 2 + (0 - 4)?
0
What is the value of (3 - 6) + 5 - 0?
2
What is 2 + -1 + (-8 - -14) + 0?
7
Calculate -7 + -1 + 2 + 4.
-2
What is the value of 6 + -1 + (1 - (2 + 2))?
2
What is the value of (0 - -4) + -2 + -2?
0
What is -2 - ((-2 - (-2 + 1)) + 3)?
-4
What is the value of -6 + -12 + 19 - (9 - 1)?
-7
Evaluate 1 + (-2 - (-4 + 6)).
-3
Calculate 0 - (-4 + 2 - 1 - 3).
6
Evaluate 0 + (-10 - (6 - 9)) + 8.
1
(6 - (7 - 5)) + 1 + -4
1
(-9 - -2 - (-8 - -2)) + -5
-6
Calculate (-4 - -1 - -6) + 2 + -4.
1
Calculate 3 - (-3 - (-3 + 2)).
5
What is 89 + -85 - (-4 + (-1 - -2))?
7
What is -3 - 2 - -2 - (-1 - -1)?
-3
What is 0 + 1 + (-4 - (-2 - 5))?
4
Calculate 18 - ((3 - 0) + 9).
6
Evaluate -2 - (1 - (6 - -2)).
5
Calculate -8 + -1 - (-1 + -2 + -1).
-5
Calculate -2 - 1 - (-47 - -45) - 2.
-3
1 + (17 - 15) - 11
-8
Evaluate (-10 - 1 - -4) + 13.
6
What is the value of -1 - ((5 - (0 - -7)) + 1)?
0
Evaluate (1 - (7 - 11) - 1) + -2.
2
(6 - 0) + -41 + 38
3
Evaluate (-6 - -2) + (-22 - -29).
3
Calculate -7 - -13 - -3 - 3.
6
-3 + (-3 - (3 + -7 - 1))
-1
-4 + 4 + (2 - -4 - 6)
0
Calculate (1 - 0 - (31 - 26)) + 3.
-1
(29 - 26) + -4 + 1
0
Evaluate -3 - (4 + -14) - 5.
2
What is the value of 2 - -3 - (3 - -1)?
1
What is -1 + (-3 - 1) - (19 + -20)?
-4
Calculate 46 + -38 + 1 + -2 + 1.
8
What is 9 - (7 - (6 + -10))?
-2
Calculate 11 + (-1 - 14) - 6.
-10
What is 2 + 0 + -9 - -9?
2
Evaluate 1 + -2 + (-4 - -2).
-3
What is 1 - (0 - (-4 + -2))?
-5
Evaluate -5 + (13 - (6 + -2)) + 4.
8
What is 0 + -2 + (3 - (1 + 3))?
-3
(6 + -2 - 0 - 8) + 5
1
What is the value of -3 - (-1 + 3 + -2 + -1)?
-2
What is -17 + -2 - (24 - 32)?
-11
-6 + 5 + (7 - 8)
-2
12 + -14 - (-1 - 4)
3
Evaluate (-1 - (-4 + 8 + -1)) + 1.
-3
Calculate 4 - (5 - (-1 + 3)) - -5.
6
16 + (-14 - -1 - (0 + -6))
9
7 - (12 + (-19 - -9))
5
-5 + (-1 + 6 - 1)
-1
What is 1 + (5 - (16 - 1 - 3))?
-6
Calculate 4 - (-3 - (-3 - -1)).
5
What is the value of 4 - 8 - -3 - -6?
5
Calculate (-2 + 1 - -5) + -4.
0
Calculate (0 - (-1 + -5)) + -4 - 11.
-9
Evaluate 0 + -6 - -1 - -5.
0
Calculate -2 + -1 + -2 + (278 - 270).
3
What is the value of -6 + 9 - (1 - -6)?
-4
Evaluate 3 + 1 + 3 + -5.
2
What is (-8 + 4 - -2) + (-2 - -5)?
1
Evaluate 5 + -14 + 5 - (2 - 6).
0
What is the value of 5 + (-14 - -1) + 16?
8
(-8 - (-3 + -2)) + 4
1
Evaluate 3 - (-5 - -12) - 4.
-8
Evaluate (4 - (8 - 7)) + 5.
8
What is (6 - 0) + (-5 - (-4 + 2))?
3
Calculate (7 - 1) + (-14 + 6 - 8).
-10
-10 + (26 - 8) + -17
-9
-11 - (-8 + 3) - -7
1
Calculate 3 - (5 + (-12 - -7)).
3
Evaluate 5 + (-2 + 6 - 4).
5
What is 6 - (1 + -1 + 1)?
5
Evaluate -5 - (-14 + 9 - 5).
5
Evaluate -5 - (-3 - 4) - 6.
-4
Calculate -5 - -9 - -8 - 9.
3
Calculate -24 + 4 - (-1 - 12).
-7
5 + -2 + 0 - (-2 + 1)
4
What is 0 + -6 + 3 - (-2 - 1)?
0
Evaluate (2 - (2 + 6)) + 4.
-2
(-4 - (-9 - -2)) + (-9 - -1)
-5
What is the value of (3 - 1) + 3 + -7?
-2
Calculate -8 - (0 - -5 - (8 - 0)).
-5
What is the value of (0 - 5) + -2 + 4?
-3
What is 9 - (8 - (5 - -2))?
8
0 - (-1 + -2 + 4)
-1
What is the value of -26 + 19 + 1 + 0?
-6
Calculate -3 + (3 - 0) + -5.
-5
Evaluate (4 - (7 + 4)) + (5 - 2).
-4
Calculate 12 + -6 + (-13 - 0).
-7
What is (1 - 4 - (3 - 6)) + 3?
3
Evaluate 1 + -8 + 3 + -3 + 3.
-4
What is 4 - ((8 - -7) + 0 - 5)?
-6
(-8 - (-6 - -1)) + 4 - 7
-6
-51 + 66 - (14 - 1)
2
Calculate 10 - (1 + -1 + 5) - 5.
0
What is (5 - 7 - 0) + -2?
-4
What is -18 + 0 - (21 - 32)?
-7
What is -3 - 1 - 1 - (34 - 36)?
-3
What is (6 - 7) + 5 + (-4 - -7)?
7
Evaluate -2 + 0 - (-111 + 105).
4
(-4 - (1 - 2)) + 7
4
Calculate (9 + 4 - 8) + (-3 - 0).
2
Calculate -3 - (1 + 4) - -3.
-5
Calculate 6 + -10 - -8 - (1 - 1).
4
Evaluate (2 + -1 - (-20 - -23)) + 3.
1
Calculate (2 - 1) + (1 - 2).
0
Evaluate (14 - 7) + -6 - (-3 + 1).
3
What is (-5 - -7) + -4 + 9?
7
What is (9 - 0) + -19 + 12?
2
What is 1 + 1 - (-8 + (-7 - -14))?
3
-3 + -4 - (-1 - 3)
-3
What is the value of (1 - 4 - -2) + (29 - 28)?
0
What is 3 - (-1 - -7) - (-1 - 7)?
5
Evaluate 8 + (-6 - -2) + -16 + 18.
6
Calculate (2 - (-6 - (-3 + -7))) + -3.
-5
-2 - -1 - -2 - (90 + -91)
2
Evaluate 7 + (-1 + -5 + 7 - 4).
4
Evaluate -7 + 5 + 2 + 2 - -3.
5
What is 3 + -4 - -4 - 7?
-4
What is -6 + 10 + (0 - -1)?
5
What is the value of 4 - 0 - (24 + -24)?
4
What is (-90 - -81) + 5 + -2?
-6
What is (-8 + 0 - -3) + 3 + -8?
-10
(5 - (4 - 0)) + -9
-8
Evaluate 2 + (-3 - -2) + -1.
0
What is the value of (3 - -4) + -4 + -3 + 0?
0
Evaluate 2 + (-11 - -2) + 5.
-2
What is -13 + 2 + 3 - -4?
-4
What is 0 - (8 + -4 + -3)?
-1
What is -3 - (-7 + 8 - (0 + 0))?
-4
Calculate 7 + -5 + -9 - -2.
-5
Evaluate -10 + 2 - (-35 - -18).
9
What is 8 - 16 - -4 - (2 - 0)?
-6
What is the value of -3 - (3 + (4 - 5))?
-5
What is the value of ((2 - -4) + 0 - 15) + 4?
-5
Calculate -3 - (-12 + 2 + 3) - 1.
3
-2 + (3 - (1 - 2))
2
What is 5 + ((-10 - -4) + 9 - 4)?
4
49 - 46 - (2 + -1 + 0)
2
Calculat